{"id":12793,"date":"2025-02-16T20:29:13","date_gmt":"2025-02-16T19:29:13","guid":{"rendered":"https:\/\/www.oldtimerfreunde-freising.de\/offpress\/?page_id=12793"},"modified":"2025-02-22T07:21:08","modified_gmt":"2025-02-22T06:21:08","slug":"winterwanderung-2025","status":"publish","type":"page","link":"https:\/\/www.oldtimerfreunde-freising.de\/offpress\/winterwanderung-2025\/","title":{"rendered":"Winterwanderung 2025"},"content":{"rendered":"\n<p><strong>Die Winterwanderung 2025 fand heuer am 16.Feb. 2025 mit 25 Teilnehmern statt.<\/strong><\/p>\n\n\n\n<p>Wir trafen uns im Weihenstephaner Br\u00e4ust\u00fcberl bei ca. 0 Grad C.<br>Mit dem Reisebus ging es \u00fcber Langenbach nach Thal, um von dort die \u201aKirchberger\u2018 mitnehmen zu k\u00f6nnen, die uns herzlich mit einer Auswahl an gef\u00fcllten Stamperl begr\u00fc\u00dften.<br>Nur noch 2 km Busfahrt &#8211; dann ging\u2019s raus an die frische Luft. Insgesamt waren 42 Wanderer unterwegs, gar gut gemischt.<br>Auf halbem Weg auf einem Hof gab es eine Pause und eine leckere St\u00e4rkung f\u00fcr uns. Da lassen sie sich nicht lumpen, unsere \u201aKirchberger\u2018.<br>Als \u00dcberraschung durften wir einen BMW 327 Coup\u00e9 in Augenschein nehmen: Baujahr 1938, 2 Liter, urspr\u00fcnglich mit 80PS (aktuell 55PS mir einem Motor aus Eisenach von 1952)<br>Gefunden hat der Eigent\u00fcmer das Fahrzeug in Schweden.<\/p>\n\n\n\n<p>Schweden war im 2.Weltkrieg neutral und nicht von der Wehrmacht besetzt.<br>Dieses Fahrzeug wurde 1939 also nach Schweden ausgeliefert und war somit, im Gegensatz zu anderen Fzg. dieses Typs, vor der Beschlagnahmung durch die Wehrmacht gesch\u00fctzt.<br><br>220 St\u00fcck wurden lediglich gebaut &#8211; Coup\u00e9s waren in Europa seinerzeit nicht sehr verbreitet. Cabrios schon eher.<br>Dieses Modell basiert auf einem 321er Fahrgestell und ist einer der ersten Fahrzeuge, bei dem Rahmen und Aufbau fest miteinander verbunden sind. Zusammengebaut wurde es in Darmstadt von der Karosseriefirma Autenrieth.<br>\u25e6<br>Das Wetter war sehr passend f\u00fcr eine Winterwanderung: leichter Wind, bew\u00f6lkt und trocken und kalt.<br>Ein 6,5km langer sch\u00f6n ausgesuchter Weg von den Kirchbergern erfreute uns.<br>Um 16h trafen wir wieder in deren wunderbarem \u201aStammsitz\u2018 ein und alle konnten sich an pikanter Gyrossuppe, heimischen Erfrischungsgetr\u00e4nken, Kaffee und leckeren hausgemachten Kuchensorten laben.<br>Es herrschte allenthalben gute Stimmung Dank der schon fast sprichw\u00f6rtlichen Gastfreundschaft der Kirchberger Oldtimerfreunde.<br>Gegen 18h brachen wir wieder Richtung Freising auf &#8211; Schneefall begleitete uns.<br>Danke an Toni W. f\u00fcr\u2018s Organisieren!<br>Wir freuen uns schon auf n\u00e4chstes\u00a0Jahr\u2026<\/p>\n\n\n\n<p><\/p>\n\n\n\n<figure class=\"wp-block-gallery has-nested-images columns-default is-cropped wp-block-gallery-1 is-layout-flex wp-block-gallery-is-layout-flex\">\n<figure class=\"wp-block-image size-large\"><img loading=\"lazy\" decoding=\"async\" width=\"1024\" height=\"777\" data-id=\"12791\" src=\"https:\/\/www.oldtimerfreunde-freising.de\/offpress\/wp-content\/uploads\/2025\/02\/IMG_3233-1-1024x777.jpeg\" alt=\"\" class=\"wp-image-12791\" srcset=\"https:\/\/www.oldtimerfreunde-freising.de\/offpress\/wp-content\/uploads\/2025\/02\/IMG_3233-1-1024x777.jpeg 1024w, https:\/\/www.oldtimerfreunde-freising.de\/offpress\/wp-content\/uploads\/2025\/02\/IMG_3233-1-300x228.jpeg 300w, https:\/\/www.oldtimerfreunde-freising.de\/offpress\/wp-content\/uploads\/2025\/02\/IMG_3233-1-768x583.jpeg 768w, https:\/\/www.oldtimerfreunde-freising.de\/offpress\/wp-content\/uploads\/2025\/02\/IMG_3233-1-1536x1166.jpeg 1536w, https:\/\/www.oldtimerfreunde-freising.de\/offpress\/wp-content\/uploads\/2025\/02\/IMG_3233-1-2048x1554.jpeg 2048w\" sizes=\"auto, (max-width: 1024px) 100vw, 1024px\" \/><\/figure>\n\n\n\n<figure class=\"wp-block-image size-large\"><img loading=\"lazy\" decoding=\"async\" width=\"779\" height=\"1024\" data-id=\"12785\" src=\"https:\/\/www.oldtimerfreunde-freising.de\/offpress\/wp-content\/uploads\/2025\/02\/IMG_3239-1-779x1024.jpeg\" alt=\"\" class=\"wp-image-12785\" srcset=\"https:\/\/www.oldtimerfreunde-freising.de\/offpress\/wp-content\/uploads\/2025\/02\/IMG_3239-1-779x1024.jpeg 779w, https:\/\/www.oldtimerfreunde-freising.de\/offpress\/wp-content\/uploads\/2025\/02\/IMG_3239-1-228x300.jpeg 228w, https:\/\/www.oldtimerfreunde-freising.de\/offpress\/wp-content\/uploads\/2025\/02\/IMG_3239-1-768x1009.jpeg 768w, https:\/\/www.oldtimerfreunde-freising.de\/offpress\/wp-content\/uploads\/2025\/02\/IMG_3239-1-1169x1536.jpeg 1169w, https:\/\/www.oldtimerfreunde-freising.de\/offpress\/wp-content\/uploads\/2025\/02\/IMG_3239-1-1558x2048.jpeg 1558w, https:\/\/www.oldtimerfreunde-freising.de\/offpress\/wp-content\/uploads\/2025\/02\/IMG_3239-1.jpeg 1649w\" sizes=\"auto, (max-width: 779px) 100vw, 779px\" \/><\/figure>\n\n\n\n<figure class=\"wp-block-image size-large\"><img loading=\"lazy\" decoding=\"async\" width=\"768\" height=\"1024\" data-id=\"12782\" src=\"https:\/\/www.oldtimerfreunde-freising.de\/offpress\/wp-content\/uploads\/2025\/02\/IMG_3254-768x1024.jpeg\" alt=\"\" class=\"wp-image-12782\" srcset=\"https:\/\/www.oldtimerfreunde-freising.de\/offpress\/wp-content\/uploads\/2025\/02\/IMG_3254-768x1024.jpeg 768w, https:\/\/www.oldtimerfreunde-freising.de\/offpress\/wp-content\/uploads\/2025\/02\/IMG_3254-225x300.jpeg 225w, https:\/\/www.oldtimerfreunde-freising.de\/offpress\/wp-content\/uploads\/2025\/02\/IMG_3254-1152x1536.jpeg 1152w, https:\/\/www.oldtimerfreunde-freising.de\/offpress\/wp-content\/uploads\/2025\/02\/IMG_3254-1536x2048.jpeg 1536w, https:\/\/www.oldtimerfreunde-freising.de\/offpress\/wp-content\/uploads\/2025\/02\/IMG_3254-scaled.jpeg 1920w\" sizes=\"auto, (max-width: 768px) 100vw, 768px\" \/><\/figure>\n\n\n\n<figure class=\"wp-block-image size-large\"><img loading=\"lazy\" decoding=\"async\" width=\"1024\" height=\"735\" data-id=\"12781\" src=\"https:\/\/www.oldtimerfreunde-freising.de\/offpress\/wp-content\/uploads\/2025\/02\/IMG_3253-1024x735.jpeg\" alt=\"\" class=\"wp-image-12781\" srcset=\"https:\/\/www.oldtimerfreunde-freising.de\/offpress\/wp-content\/uploads\/2025\/02\/IMG_3253-1024x735.jpeg 1024w, https:\/\/www.oldtimerfreunde-freising.de\/offpress\/wp-content\/uploads\/2025\/02\/IMG_3253-300x215.jpeg 300w, https:\/\/www.oldtimerfreunde-freising.de\/offpress\/wp-content\/uploads\/2025\/02\/IMG_3253-768x552.jpeg 768w, https:\/\/www.oldtimerfreunde-freising.de\/offpress\/wp-content\/uploads\/2025\/02\/IMG_3253-1536x1103.jpeg 1536w, https:\/\/www.oldtimerfreunde-freising.de\/offpress\/wp-content\/uploads\/2025\/02\/IMG_3253-2048x1471.jpeg 2048w\" sizes=\"auto, (max-width: 1024px) 100vw, 1024px\" \/><\/figure>\n\n\n\n<figure class=\"wp-block-image size-large\"><img loading=\"lazy\" decoding=\"async\" width=\"1024\" height=\"768\" data-id=\"12812\" src=\"https:\/\/www.oldtimerfreunde-freising.de\/offpress\/wp-content\/uploads\/2025\/02\/IMG_2363-1024x768.jpg\" alt=\"\" class=\"wp-image-12812\" srcset=\"https:\/\/www.oldtimerfreunde-freising.de\/offpress\/wp-content\/uploads\/2025\/02\/IMG_2363-1024x768.jpg 1024w, https:\/\/www.oldtimerfreunde-freising.de\/offpress\/wp-content\/uploads\/2025\/02\/IMG_2363-300x225.jpg 300w, https:\/\/www.oldtimerfreunde-freising.de\/offpress\/wp-content\/uploads\/2025\/02\/IMG_2363-768x576.jpg 768w, https:\/\/www.oldtimerfreunde-freising.de\/offpress\/wp-content\/uploads\/2025\/02\/IMG_2363-1536x1152.jpg 1536w, https:\/\/www.oldtimerfreunde-freising.de\/offpress\/wp-content\/uploads\/2025\/02\/IMG_2363-2048x1536.jpg 2048w\" sizes=\"auto, (max-width: 1024px) 100vw, 1024px\" \/><\/figure>\n\n\n\n<figure class=\"wp-block-image size-large\"><img loading=\"lazy\" decoding=\"async\" width=\"1024\" height=\"683\" data-id=\"12809\" src=\"https:\/\/www.oldtimerfreunde-freising.de\/offpress\/wp-content\/uploads\/2025\/02\/IMG_2399-1024x683.jpg\" alt=\"\" class=\"wp-image-12809\" srcset=\"https:\/\/www.oldtimerfreunde-freising.de\/offpress\/wp-content\/uploads\/2025\/02\/IMG_2399-1024x683.jpg 1024w, https:\/\/www.oldtimerfreunde-freising.de\/offpress\/wp-content\/uploads\/2025\/02\/IMG_2399-300x200.jpg 300w, https:\/\/www.oldtimerfreunde-freising.de\/offpress\/wp-content\/uploads\/2025\/02\/IMG_2399-768x512.jpg 768w, https:\/\/www.oldtimerfreunde-freising.de\/offpress\/wp-content\/uploads\/2025\/02\/IMG_2399-1536x1024.jpg 1536w, https:\/\/www.oldtimerfreunde-freising.de\/offpress\/wp-content\/uploads\/2025\/02\/IMG_2399-2048x1365.jpg 2048w\" sizes=\"auto, (max-width: 1024px) 100vw, 1024px\" \/><\/figure>\n\n\n\n<figure class=\"wp-block-image size-large\"><img loading=\"lazy\" decoding=\"async\" width=\"1024\" height=\"685\" data-id=\"12786\" src=\"https:\/\/www.oldtimerfreunde-freising.de\/offpress\/wp-content\/uploads\/2025\/02\/IMG_3247-1-1024x685.jpeg\" alt=\"\" class=\"wp-image-12786\" srcset=\"https:\/\/www.oldtimerfreunde-freising.de\/offpress\/wp-content\/uploads\/2025\/02\/IMG_3247-1-1024x685.jpeg 1024w, https:\/\/www.oldtimerfreunde-freising.de\/offpress\/wp-content\/uploads\/2025\/02\/IMG_3247-1-300x201.jpeg 300w, https:\/\/www.oldtimerfreunde-freising.de\/offpress\/wp-content\/uploads\/2025\/02\/IMG_3247-1-768x514.jpeg 768w, https:\/\/www.oldtimerfreunde-freising.de\/offpress\/wp-content\/uploads\/2025\/02\/IMG_3247-1-1536x1027.jpeg 1536w, https:\/\/www.oldtimerfreunde-freising.de\/offpress\/wp-content\/uploads\/2025\/02\/IMG_3247-1-2048x1370.jpeg 2048w\" sizes=\"auto, (max-width: 1024px) 100vw, 1024px\" \/><\/figure>\n\n\n\n<figure class=\"wp-block-image size-large\"><img loading=\"lazy\" decoding=\"async\" width=\"768\" height=\"1024\" data-id=\"12779\" src=\"https:\/\/www.oldtimerfreunde-freising.de\/offpress\/wp-content\/uploads\/2025\/02\/IMG_3248-768x1024.jpeg\" alt=\"\" class=\"wp-image-12779\" srcset=\"https:\/\/www.oldtimerfreunde-freising.de\/offpress\/wp-content\/uploads\/2025\/02\/IMG_3248-768x1024.jpeg 768w, https:\/\/www.oldtimerfreunde-freising.de\/offpress\/wp-content\/uploads\/2025\/02\/IMG_3248-225x300.jpeg 225w, https:\/\/www.oldtimerfreunde-freising.de\/offpress\/wp-content\/uploads\/2025\/02\/IMG_3248-1152x1536.jpeg 1152w, https:\/\/www.oldtimerfreunde-freising.de\/offpress\/wp-content\/uploads\/2025\/02\/IMG_3248-1536x2048.jpeg 1536w, https:\/\/www.oldtimerfreunde-freising.de\/offpress\/wp-content\/uploads\/2025\/02\/IMG_3248-scaled.jpeg 1920w\" sizes=\"auto, (max-width: 768px) 100vw, 768px\" \/><\/figure>\n\n\n\n<figure class=\"wp-block-image size-large\"><img loading=\"lazy\" decoding=\"async\" width=\"1024\" height=\"768\" data-id=\"12780\" src=\"https:\/\/www.oldtimerfreunde-freising.de\/offpress\/wp-content\/uploads\/2025\/02\/IMG_3252-1024x768.jpeg\" alt=\"\" class=\"wp-image-12780\" srcset=\"https:\/\/www.oldtimerfreunde-freising.de\/offpress\/wp-content\/uploads\/2025\/02\/IMG_3252-1024x768.jpeg 1024w, https:\/\/www.oldtimerfreunde-freising.de\/offpress\/wp-content\/uploads\/2025\/02\/IMG_3252-300x225.jpeg 300w, https:\/\/www.oldtimerfreunde-freising.de\/offpress\/wp-content\/uploads\/2025\/02\/IMG_3252-768x576.jpeg 768w, https:\/\/www.oldtimerfreunde-freising.de\/offpress\/wp-content\/uploads\/2025\/02\/IMG_3252-1536x1152.jpeg 1536w, https:\/\/www.oldtimerfreunde-freising.de\/offpress\/wp-content\/uploads\/2025\/02\/IMG_3252-2048x1536.jpeg 2048w\" sizes=\"auto, (max-width: 1024px) 100vw, 1024px\" \/><\/figure>\n\n\n\n<figure class=\"wp-block-image size-large\"><img loading=\"lazy\" decoding=\"async\" width=\"683\" height=\"1024\" data-id=\"12808\" src=\"https:\/\/www.oldtimerfreunde-freising.de\/offpress\/wp-content\/uploads\/2025\/02\/IMG_2397-683x1024.jpg\" alt=\"\" class=\"wp-image-12808\" srcset=\"https:\/\/www.oldtimerfreunde-freising.de\/offpress\/wp-content\/uploads\/2025\/02\/IMG_2397-683x1024.jpg 683w, https:\/\/www.oldtimerfreunde-freising.de\/offpress\/wp-content\/uploads\/2025\/02\/IMG_2397-200x300.jpg 200w, https:\/\/www.oldtimerfreunde-freising.de\/offpress\/wp-content\/uploads\/2025\/02\/IMG_2397-768x1152.jpg 768w, https:\/\/www.oldtimerfreunde-freising.de\/offpress\/wp-content\/uploads\/2025\/02\/IMG_2397-1024x1536.jpg 1024w, https:\/\/www.oldtimerfreunde-freising.de\/offpress\/wp-content\/uploads\/2025\/02\/IMG_2397-1365x2048.jpg 1365w, https:\/\/www.oldtimerfreunde-freising.de\/offpress\/wp-content\/uploads\/2025\/02\/IMG_2397-scaled.jpg 1707w\" sizes=\"auto, (max-width: 683px) 100vw, 683px\" \/><\/figure>\n\n\n\n<figure class=\"wp-block-image size-large\"><img loading=\"lazy\" decoding=\"async\" width=\"683\" height=\"1024\" data-id=\"12807\" src=\"https:\/\/www.oldtimerfreunde-freising.de\/offpress\/wp-content\/uploads\/2025\/02\/IMG_2394-683x1024.jpg\" alt=\"\" class=\"wp-image-12807\" srcset=\"https:\/\/www.oldtimerfreunde-freising.de\/offpress\/wp-content\/uploads\/2025\/02\/IMG_2394-683x1024.jpg 683w, https:\/\/www.oldtimerfreunde-freising.de\/offpress\/wp-content\/uploads\/2025\/02\/IMG_2394-200x300.jpg 200w, https:\/\/www.oldtimerfreunde-freising.de\/offpress\/wp-content\/uploads\/2025\/02\/IMG_2394-768x1152.jpg 768w, https:\/\/www.oldtimerfreunde-freising.de\/offpress\/wp-content\/uploads\/2025\/02\/IMG_2394-1024x1536.jpg 1024w, https:\/\/www.oldtimerfreunde-freising.de\/offpress\/wp-content\/uploads\/2025\/02\/IMG_2394-1365x2048.jpg 1365w, https:\/\/www.oldtimerfreunde-freising.de\/offpress\/wp-content\/uploads\/2025\/02\/IMG_2394-scaled.jpg 1707w\" sizes=\"auto, (max-width: 683px) 100vw, 683px\" \/><\/figure>\n\n\n\n<figure class=\"wp-block-image size-large\"><img loading=\"lazy\" decoding=\"async\" width=\"683\" height=\"1024\" data-id=\"12806\" src=\"https:\/\/www.oldtimerfreunde-freising.de\/offpress\/wp-content\/uploads\/2025\/02\/IMG_2393-683x1024.jpg\" alt=\"\" class=\"wp-image-12806\" srcset=\"https:\/\/www.oldtimerfreunde-freising.de\/offpress\/wp-content\/uploads\/2025\/02\/IMG_2393-683x1024.jpg 683w, https:\/\/www.oldtimerfreunde-freising.de\/offpress\/wp-content\/uploads\/2025\/02\/IMG_2393-200x300.jpg 200w, https:\/\/www.oldtimerfreunde-freising.de\/offpress\/wp-content\/uploads\/2025\/02\/IMG_2393-768x1152.jpg 768w, https:\/\/www.oldtimerfreunde-freising.de\/offpress\/wp-content\/uploads\/2025\/02\/IMG_2393-1024x1536.jpg 1024w, https:\/\/www.oldtimerfreunde-freising.de\/offpress\/wp-content\/uploads\/2025\/02\/IMG_2393-1365x2048.jpg 1365w, https:\/\/www.oldtimerfreunde-freising.de\/offpress\/wp-content\/uploads\/2025\/02\/IMG_2393-scaled.jpg 1707w\" sizes=\"auto, (max-width: 683px) 100vw, 683px\" \/><\/figure>\n\n\n\n<figure class=\"wp-block-image size-large\"><img loading=\"lazy\" decoding=\"async\" width=\"1024\" height=\"683\" data-id=\"12805\" src=\"https:\/\/www.oldtimerfreunde-freising.de\/offpress\/wp-content\/uploads\/2025\/02\/IMG_2389-1024x683.jpg\" alt=\"\" class=\"wp-image-12805\" srcset=\"https:\/\/www.oldtimerfreunde-freising.de\/offpress\/wp-content\/uploads\/2025\/02\/IMG_2389-1024x683.jpg 1024w, https:\/\/www.oldtimerfreunde-freising.de\/offpress\/wp-content\/uploads\/2025\/02\/IMG_2389-300x200.jpg 300w, https:\/\/www.oldtimerfreunde-freising.de\/offpress\/wp-content\/uploads\/2025\/02\/IMG_2389-768x512.jpg 768w, https:\/\/www.oldtimerfreunde-freising.de\/offpress\/wp-content\/uploads\/2025\/02\/IMG_2389-1536x1024.jpg 1536w, https:\/\/www.oldtimerfreunde-freising.de\/offpress\/wp-content\/uploads\/2025\/02\/IMG_2389-2048x1365.jpg 2048w\" sizes=\"auto, (max-width: 1024px) 100vw, 1024px\" \/><\/figure>\n\n\n\n<figure class=\"wp-block-image size-large\"><img loading=\"lazy\" decoding=\"async\" width=\"1024\" height=\"683\" data-id=\"12804\" src=\"https:\/\/www.oldtimerfreunde-freising.de\/offpress\/wp-content\/uploads\/2025\/02\/IMG_2385-1024x683.jpg\" alt=\"\" class=\"wp-image-12804\" srcset=\"https:\/\/www.oldtimerfreunde-freising.de\/offpress\/wp-content\/uploads\/2025\/02\/IMG_2385-1024x683.jpg 1024w, https:\/\/www.oldtimerfreunde-freising.de\/offpress\/wp-content\/uploads\/2025\/02\/IMG_2385-300x200.jpg 300w, https:\/\/www.oldtimerfreunde-freising.de\/offpress\/wp-content\/uploads\/2025\/02\/IMG_2385-768x512.jpg 768w, https:\/\/www.oldtimerfreunde-freising.de\/offpress\/wp-content\/uploads\/2025\/02\/IMG_2385-1536x1024.jpg 1536w, https:\/\/www.oldtimerfreunde-freising.de\/offpress\/wp-content\/uploads\/2025\/02\/IMG_2385-2048x1365.jpg 2048w\" sizes=\"auto, (max-width: 1024px) 100vw, 1024px\" \/><\/figure>\n\n\n\n<figure class=\"wp-block-image size-large\"><img loading=\"lazy\" decoding=\"async\" width=\"1024\" height=\"683\" data-id=\"12803\" src=\"https:\/\/www.oldtimerfreunde-freising.de\/offpress\/wp-content\/uploads\/2025\/02\/IMG_2377-1024x683.jpg\" alt=\"\" class=\"wp-image-12803\" srcset=\"https:\/\/www.oldtimerfreunde-freising.de\/offpress\/wp-content\/uploads\/2025\/02\/IMG_2377-1024x683.jpg 1024w, https:\/\/www.oldtimerfreunde-freising.de\/offpress\/wp-content\/uploads\/2025\/02\/IMG_2377-300x200.jpg 300w, https:\/\/www.oldtimerfreunde-freising.de\/offpress\/wp-content\/uploads\/2025\/02\/IMG_2377-768x512.jpg 768w, https:\/\/www.oldtimerfreunde-freising.de\/offpress\/wp-content\/uploads\/2025\/02\/IMG_2377-1536x1024.jpg 1536w, https:\/\/www.oldtimerfreunde-freising.de\/offpress\/wp-content\/uploads\/2025\/02\/IMG_2377-2048x1365.jpg 2048w\" sizes=\"auto, (max-width: 1024px) 100vw, 1024px\" \/><\/figure>\n\n\n\n<figure class=\"wp-block-image size-large\"><img loading=\"lazy\" decoding=\"async\" width=\"683\" height=\"1024\" data-id=\"12802\" src=\"https:\/\/www.oldtimerfreunde-freising.de\/offpress\/wp-content\/uploads\/2025\/02\/IMG_2376-683x1024.jpg\" alt=\"\" class=\"wp-image-12802\" srcset=\"https:\/\/www.oldtimerfreunde-freising.de\/offpress\/wp-content\/uploads\/2025\/02\/IMG_2376-683x1024.jpg 683w, https:\/\/www.oldtimerfreunde-freising.de\/offpress\/wp-content\/uploads\/2025\/02\/IMG_2376-200x300.jpg 200w, https:\/\/www.oldtimerfreunde-freising.de\/offpress\/wp-content\/uploads\/2025\/02\/IMG_2376-768x1152.jpg 768w, https:\/\/www.oldtimerfreunde-freising.de\/offpress\/wp-content\/uploads\/2025\/02\/IMG_2376-1024x1536.jpg 1024w, https:\/\/www.oldtimerfreunde-freising.de\/offpress\/wp-content\/uploads\/2025\/02\/IMG_2376-1365x2048.jpg 1365w, https:\/\/www.oldtimerfreunde-freising.de\/offpress\/wp-content\/uploads\/2025\/02\/IMG_2376-scaled.jpg 1707w\" sizes=\"auto, (max-width: 683px) 100vw, 683px\" \/><\/figure>\n\n\n\n<figure class=\"wp-block-image size-large\"><img loading=\"lazy\" decoding=\"async\" width=\"1024\" height=\"683\" data-id=\"12801\" src=\"https:\/\/www.oldtimerfreunde-freising.de\/offpress\/wp-content\/uploads\/2025\/02\/IMG_2374-1024x683.jpg\" alt=\"\" class=\"wp-image-12801\" srcset=\"https:\/\/www.oldtimerfreunde-freising.de\/offpress\/wp-content\/uploads\/2025\/02\/IMG_2374-1024x683.jpg 1024w, https:\/\/www.oldtimerfreunde-freising.de\/offpress\/wp-content\/uploads\/2025\/02\/IMG_2374-300x200.jpg 300w, https:\/\/www.oldtimerfreunde-freising.de\/offpress\/wp-content\/uploads\/2025\/02\/IMG_2374-768x512.jpg 768w, https:\/\/www.oldtimerfreunde-freising.de\/offpress\/wp-content\/uploads\/2025\/02\/IMG_2374-1536x1024.jpg 1536w, https:\/\/www.oldtimerfreunde-freising.de\/offpress\/wp-content\/uploads\/2025\/02\/IMG_2374-2048x1365.jpg 2048w\" sizes=\"auto, (max-width: 1024px) 100vw, 1024px\" \/><\/figure>\n\n\n\n<figure class=\"wp-block-image size-large\"><img loading=\"lazy\" decoding=\"async\" width=\"1024\" height=\"683\" data-id=\"12800\" src=\"https:\/\/www.oldtimerfreunde-freising.de\/offpress\/wp-content\/uploads\/2025\/02\/IMG_2368-1024x683.jpg\" alt=\"\" class=\"wp-image-12800\" srcset=\"https:\/\/www.oldtimerfreunde-freising.de\/offpress\/wp-content\/uploads\/2025\/02\/IMG_2368-1024x683.jpg 1024w, https:\/\/www.oldtimerfreunde-freising.de\/offpress\/wp-content\/uploads\/2025\/02\/IMG_2368-300x200.jpg 300w, https:\/\/www.oldtimerfreunde-freising.de\/offpress\/wp-content\/uploads\/2025\/02\/IMG_2368-768x512.jpg 768w, https:\/\/www.oldtimerfreunde-freising.de\/offpress\/wp-content\/uploads\/2025\/02\/IMG_2368-1536x1024.jpg 1536w, https:\/\/www.oldtimerfreunde-freising.de\/offpress\/wp-content\/uploads\/2025\/02\/IMG_2368-2048x1365.jpg 2048w\" sizes=\"auto, (max-width: 1024px) 100vw, 1024px\" \/><\/figure>\n\n\n\n<figure class=\"wp-block-image size-large\"><img loading=\"lazy\" decoding=\"async\" width=\"1024\" height=\"683\" data-id=\"12810\" src=\"https:\/\/www.oldtimerfreunde-freising.de\/offpress\/wp-content\/uploads\/2025\/02\/IMG_2405-1024x683.jpg\" alt=\"\" class=\"wp-image-12810\" srcset=\"https:\/\/www.oldtimerfreunde-freising.de\/offpress\/wp-content\/uploads\/2025\/02\/IMG_2405-1024x683.jpg 1024w, https:\/\/www.oldtimerfreunde-freising.de\/offpress\/wp-content\/uploads\/2025\/02\/IMG_2405-300x200.jpg 300w, https:\/\/www.oldtimerfreunde-freising.de\/offpress\/wp-content\/uploads\/2025\/02\/IMG_2405-768x512.jpg 768w, https:\/\/www.oldtimerfreunde-freising.de\/offpress\/wp-content\/uploads\/2025\/02\/IMG_2405-1536x1024.jpg 1536w, https:\/\/www.oldtimerfreunde-freising.de\/offpress\/wp-content\/uploads\/2025\/02\/IMG_2405-2048x1365.jpg 2048w\" sizes=\"auto, (max-width: 1024px) 100vw, 1024px\" \/><\/figure>\n\n\n\n<figure class=\"wp-block-image size-large\"><img loading=\"lazy\" decoding=\"async\" width=\"760\" height=\"1024\" data-id=\"12783\" src=\"https:\/\/www.oldtimerfreunde-freising.de\/offpress\/wp-content\/uploads\/2025\/02\/IMG_3256-760x1024.jpeg\" alt=\"\" class=\"wp-image-12783\" srcset=\"https:\/\/www.oldtimerfreunde-freising.de\/offpress\/wp-content\/uploads\/2025\/02\/IMG_3256-760x1024.jpeg 760w, https:\/\/www.oldtimerfreunde-freising.de\/offpress\/wp-content\/uploads\/2025\/02\/IMG_3256-223x300.jpeg 223w, https:\/\/www.oldtimerfreunde-freising.de\/offpress\/wp-content\/uploads\/2025\/02\/IMG_3256-768x1035.jpeg 768w, https:\/\/www.oldtimerfreunde-freising.de\/offpress\/wp-content\/uploads\/2025\/02\/IMG_3256-1140x1536.jpeg 1140w, https:\/\/www.oldtimerfreunde-freising.de\/offpress\/wp-content\/uploads\/2025\/02\/IMG_3256-1520x2048.jpeg 1520w, https:\/\/www.oldtimerfreunde-freising.de\/offpress\/wp-content\/uploads\/2025\/02\/IMG_3256-scaled.jpeg 1900w\" sizes=\"auto, (max-width: 760px) 100vw, 760px\" \/><\/figure>\n<\/figure>\n","protected":false},"excerpt":{"rendered":"<p>Die Winterwanderung 2025 fand heuer am 16.Feb. 2025 mit 25 Teilnehmern statt. Wir trafen uns im Weihenstephaner Br\u00e4ust\u00fcberl bei ca. 0 Grad C.Mit dem Reisebus ging es \u00fcber Langenbach nach [&hellip;]<\/p>\n","protected":false},"author":4,"featured_media":0,"parent":0,"menu_order":0,"comment_status":"closed","ping_status":"closed","template":"","meta":{"_EventAllDay":false,"_EventTimezone":"","_EventStartDate":"","_EventEndDate":"","_EventStartDateUTC":"","_EventEndDateUTC":"","_EventShowMap":false,"_EventShowMapLink":false,"_EventURL":"","_EventCost":"","_EventCostDescription":"","_EventCurrencySymbol":"","_EventCurrencyCode":"","_EventCurrencyPosition":"","_EventDateTimeSeparator":"","_EventTimeRangeSeparator":"","_EventOrganizerID":[],"_EventVenueID":[],"_OrganizerEmail":"","_OrganizerPhone":"","_OrganizerWebsite":"","_VenueAddress":"","_VenueCity":"","_VenueCountry":"","_VenueProvince":"","_VenueState":"","_VenueZip":"","_VenuePhone":"","_VenueURL":"","_VenueStateProvince":"","_VenueLat":"","_VenueLng":"","_VenueShowMap":false,"_VenueShowMapLink":false,"_mc_calendar":[],"footnotes":""},"class_list":["post-12793","page","type-page","status-publish","hentry","entry"],"_links":{"self":[{"href":"https:\/\/www.oldtimerfreunde-freising.de\/offpress\/wp-json\/wp\/v2\/pages\/12793","targetHints":{"allow":["GET"]}}],"collection":[{"href":"https:\/\/www.oldtimerfreunde-freising.de\/offpress\/wp-json\/wp\/v2\/pages"}],"about":[{"href":"https:\/\/www.oldtimerfreunde-freising.de\/offpress\/wp-json\/wp\/v2\/types\/page"}],"author":[{"embeddable":true,"href":"https:\/\/www.oldtimerfreunde-freising.de\/offpress\/wp-json\/wp\/v2\/users\/4"}],"replies":[{"embeddable":true,"href":"https:\/\/www.oldtimerfreunde-freising.de\/offpress\/wp-json\/wp\/v2\/comments?post=12793"}],"version-history":[{"count":6,"href":"https:\/\/www.oldtimerfreunde-freising.de\/offpress\/wp-json\/wp\/v2\/pages\/12793\/revisions"}],"predecessor-version":[{"id":12846,"href":"https:\/\/www.oldtimerfreunde-freising.de\/offpress\/wp-json\/wp\/v2\/pages\/12793\/revisions\/12846"}],"wp:attachment":[{"href":"https:\/\/www.oldtimerfreunde-freising.de\/offpress\/wp-json\/wp\/v2\/media?parent=12793"}],"curies":[{"name":"wp","href":"https:\/\/api.w.org\/{rel}","templated":true}]}}