{"id":7144,"date":"2020-01-05T16:14:47","date_gmt":"2020-01-05T15:14:47","guid":{"rendered":"https:\/\/www.oldtimerfreunde-freising.de\/offpress\/?page_id=7144"},"modified":"2020-02-06T16:46:13","modified_gmt":"2020-02-06T15:46:13","slug":"hopfentour-2014","status":"publish","type":"page","link":"https:\/\/www.oldtimerfreunde-freising.de\/offpress\/veranstaltungen\/die-hopfentour\/hopfentour-2014\/","title":{"rendered":"Die 17. Hopfentour der Oldtimerfreunde Freising"},"content":{"rendered":"\n<p>Am 18. Mai war es wieder soweit, ab 9:00 Uhr begann sich der Marienplatz in Freising langsam aber stetig mit Oldtimern zu f\u00fcllen.<\/p>\n\n\n\n<p>Vorher herrschte nat\u00fcrlich schon emsige Gesch\u00e4ftigkeit. Der Anmelde-Pavillon, die Theke f\u00fcr das Catering, Tische, St\u00fchle und Schirme mussten aufgebaut werden. Markierungen f\u00fcr die Parkfl\u00e4chen, den Startbereich und die Sonderpr\u00fcfung, Kabel, Lautsprecher und vieles mehr, mussten in k\u00fcrzester Zeit fertig sein.<\/p>\n\n\n\n<p>Gl\u00fccklicherweise wurden wir sehr aktiv durch die Stadt Freising, speziell durch Herrn Br\u00f6ckl unterst\u00fctzt.<\/p>\n\n\n\n<p>Das Interesse an unserer Tour war schon sehr gro\u00df als wir eine Woche vor der Tour am Marktsamstag mit drei Oldtimern und einem Stehtisch am Marienplatz standen. 500 Flyer konnten in wenigen Stunden verteilt werden.<\/p>\n\n\n\n<p>Die Erwartungen waren nat\u00fcrlich gro\u00df, ganz besonders auch beim  Tierschutzverein Freising, der in diesem Jahr das Catering \u00fcbernahm. Mit viel Liebe und Flei\u00df wurde Kuchen gebacken, Br\u00f6tchen geschmiert, Fleischpflanzerl gebraten und Kaffee gekocht.<\/p>\n\n\n\n<p>Die Brauerei Weihenstephan unterst\u00fctzte uns mit frischem alkoholfreiem Wei\u00dfbier, Tischen, B\u00e4nken und Schirmen. Jedem Team konnten wir eine Flasche mit dem Sonderetikette \u201eHopfentour\u201c \u00fcberreichen.<\/p>\n\n\n\n<p>Zu unserer gro\u00dfe Freude und noch rechtzeitig zu Startbeginn erschien der Oberb\u00fcrgermeister der Stadt Freising, Tobias Eschenbacher.<\/p>\n\n\n\n<p>Um 10:45 wurden alle Teilnehmer, in der Zwischenzeit war der Marienplatz mit 70 Oldtimer gef\u00fcllt, zur Fahrerbesprechung gerufen. Hier gab es ein kurzes Briefing \u00fcber den Tourverlauf, Roadbook und Sonderpr\u00fcfungen.<\/p>\n\n\n\n<p>Danach gab es eine herzliche Begr\u00fc\u00dfung aller Teilnehmer und der vielen Besucher durch den OB. Die 17. Hopfentour konnte beginnen. Mit der Startflagge in der Hand, wurde durch den OB der erste Teilnehmer auf die Tour geschickt.<\/p>\n\n\n\n<p>Gleich nach dem Start kam dann schon die erste Sonderpr\u00fcfung. Die Fahrer mussten mit dem rechten Hinterrad (Linkslenker) den Mittelpunkt einer auf dem Boden liegenden Zielscheibe erwischen. Hier ist nat\u00fcrlich auch der Beifahrer gefragt. Im Cockpit gab es da schon die eine oder andere Diskussion. Aber es wurden gottseidank keine Eheringe oder Roadbooks aus den Fenstern geworfen.<\/p>\n\n\n\n<p>Dann ging es hinaus ins Hopfenland in Richtung Geisenfeld. Die weitern Pr\u00fcfungen bestanden darin, dass entlang der Route bestimmte Bilder identifiziert werden mussten.<\/p>\n\n\n\n<p>Beim Gasthof Rockermeier in Unterpindhart gab es dann die verdiente Mittagspause.<\/p>\n\n\n\n<p>In der Zwischenzeit musste das Team auf dem Marienplatz alles wieder abbauen und verlasten und den Zieleinlauf in der Plantage Freising vorbereiten.<\/p>\n\n\n\n<p>Von 15:00 bis 16:30 Uhr trafen die Teilnehmer am Kontrollpunkt Plantage Freising ein. Die Unterlagen der Sonderpr\u00fcfungen wurden entgegengenommen. W\u00e4hrend die Teilnehmer im Biergarten der Plantage die Tour ausklingen lie\u00dfen, lief die Auswertung der Unterlagen und Ermittlung der Sieger.<\/p>\n\n\n\n<p>Insgesamt erhielten die ersten 4 einen Pokal, sowie das beste Damenteam, das \u00e4lteste Fahrzeug, der beste Motorradteilnehmer und der Pechvogel der Tour.<\/p>\n\n\n\n<p>Damit endete die 17. Hopfentour. Und die Vorbereitungen f\u00fcr Nummer 18 haben schon begonnen.<\/p>\n\n\n\n<p>Am Ende darf ich Dankesch\u00f6n sagen, an alle Teilnehmer, an die Stadt Freising und allen Sponsoren, dem Cateringteam vom Tierschutzverein und nicht zuletzt dem Team unseres Vereins. Ebenfalls ein gro\u00dfes Dankesch\u00f6n an unsere Fotographen die die Tour z.T. als Teilnehmer selbst mitgefahren sind: Beate K\u00f6stler, Thomas Wiedemann und Christian R\u00f6\u00df.<\/p>\n\n\n\n<p>Na dann bis zum 17. Mai 2015.<\/p>\n\n\n\n<p>Dietmar Eisele<br>Oldtimerfreunde Freising<\/p>\n\n\n\n<p><a href=\"https:\/\/www.oldtimerfreunde-freising.de\/offpress\/bilder-videos\/bilder-touren\/hopfentour-2014\/\">Bildergalerie der Hopfentour 2014<\/a><br><a href=\"http:\/\/touren.kiwikars.de\/?page_id=486\">Route der Hopfentour 2014<\/a><\/p>\n","protected":false},"excerpt":{"rendered":"<p>Am 18. Mai war es wieder soweit, ab 9:00 Uhr begann sich der Marienplatz in Freising langsam aber stetig mit Oldtimern zu f\u00fcllen. Vorher herrschte nat\u00fcrlich schon emsige Gesch\u00e4ftigkeit. Der [&hellip;]<\/p>\n","protected":false},"author":1,"featured_media":0,"parent":57,"menu_order":0,"comment_status":"closed","ping_status":"closed","template":"","meta":{"_EventAllDay":false,"_EventTimezone":"","_EventStartDate":"","_EventEndDate":"","_EventStartDateUTC":"","_EventEndDateUTC":"","_EventShowMap":false,"_EventShowMapLink":false,"_EventURL":"","_EventCost":"","_EventCostDescription":"","_EventCurrencySymbol":"","_EventCurrencyCode":"","_EventCurrencyPosition":"","_EventDateTimeSeparator":"","_EventTimeRangeSeparator":"","_EventOrganizerID":[],"_EventVenueID":[],"_OrganizerEmail":"","_OrganizerPhone":"","_OrganizerWebsite":"","_VenueAddress":"","_VenueCity":"","_VenueCountry":"","_VenueProvince":"","_VenueState":"","_VenueZip":"","_VenuePhone":"","_VenueURL":"","_VenueStateProvince":"","_VenueLat":"","_VenueLng":"","_VenueShowMap":false,"_VenueShowMapLink":false,"_mc_calendar":[],"footnotes":""},"class_list":["post-7144","page","type-page","status-publish","hentry","entry"],"_links":{"self":[{"href":"https:\/\/www.oldtimerfreunde-freising.de\/offpress\/wp-json\/wp\/v2\/pages\/7144","targetHints":{"allow":["GET"]}}],"collection":[{"href":"https:\/\/www.oldtimerfreunde-freising.de\/offpress\/wp-json\/wp\/v2\/pages"}],"about":[{"href":"https:\/\/www.oldtimerfreunde-freising.de\/offpress\/wp-json\/wp\/v2\/types\/page"}],"author":[{"embeddable":true,"href":"https:\/\/www.oldtimerfreunde-freising.de\/offpress\/wp-json\/wp\/v2\/users\/1"}],"replies":[{"embeddable":true,"href":"https:\/\/www.oldtimerfreunde-freising.de\/offpress\/wp-json\/wp\/v2\/comments?post=7144"}],"version-history":[{"count":4,"href":"https:\/\/www.oldtimerfreunde-freising.de\/offpress\/wp-json\/wp\/v2\/pages\/7144\/revisions"}],"predecessor-version":[{"id":8349,"href":"https:\/\/www.oldtimerfreunde-freising.de\/offpress\/wp-json\/wp\/v2\/pages\/7144\/revisions\/8349"}],"up":[{"embeddable":true,"href":"https:\/\/www.oldtimerfreunde-freising.de\/offpress\/wp-json\/wp\/v2\/pages\/57"}],"wp:attachment":[{"href":"https:\/\/www.oldtimerfreunde-freising.de\/offpress\/wp-json\/wp\/v2\/media?parent=7144"}],"curies":[{"name":"wp","href":"https:\/\/api.w.org\/{rel}","templated":true}]}}