{"id":859,"date":"2019-11-07T11:10:43","date_gmt":"2019-11-07T10:10:43","guid":{"rendered":"https:\/\/www.oldtimerfreunde-freising.de\/offpress\/?page_id=859"},"modified":"2019-11-11T20:01:25","modified_gmt":"2019-11-11T19:01:25","slug":"review-zur-herbsttour-2015","status":"publish","type":"page","link":"https:\/\/www.oldtimerfreunde-freising.de\/offpress\/veranstaltungen\/die-herbstausfahrt\/review-zur-herbsttour-2015\/","title":{"rendered":"Review zur Herbsttour 2015"},"content":{"rendered":"\n<p>Am Donnerstag, den 17.09.2015 gings los. Einige trafen sich beim \nGerhard um \u00fcber das Timmelsjoch an den Gardasee zu fahren. Nach dem hier\n das Wetter nicht so mitspielte, war es nach Auskunft der Gruppe eine \nsehr anstrengende Anfahrt.<\/p>\n\n\n\n<p>Wir fuhren so \u201eschnell\u201c wir konnten mit unserem Alfa Rundheck-Spider \n\u00fcber die Autobahn zum Hotel, um noch die Zimmerverteilung zu kl\u00e4ren und \ndas Abendmen\u00fc zusammen zu stellen.<\/p>\n\n\n\n<p>So nach und nach kamen alle wohlbehalten an und genossen das \nAbendmen\u00fc bei einigen Flaschen Wein. Nachdem das Hotel direkt am \nGardasee liegt, setzen wir uns nach dem Abendessen bei warmen \nTemperaturen am See zusammen.<\/p>\n\n\n\n<p>Die daheimgebliebenen k\u00f6nnen sich anhand des beigef\u00fcgten Roadbooks \nein Bild \u00fcber den Programmablauf unserer Tour machen. Auch die \nbeigef\u00fcgten Bilder, aufgenommen von unserem Mitgliedern Gerhard K\u00f6stler \nund Friedrich Fr\u00fch, sprechen f\u00fcr sich.<\/p>\n\n\n\n<p>Wir haben kein Event und kein Lokal des Roadbooks ausgenommen, im \nGegenteil, es kam am letzten Abend noch eine Pizzeria mit Dachterrasse \nmit Blick zum See dazu.<\/p>\n\n\n\n<p>Zu erw\u00e4hnen ist auch noch, dass wir ein verdammt gutes Wetter hatten,\n es keinen Unfall oder sonstige Sch\u00e4den gab, mit Ausnahme vom Frank, der\n aber mit seiner kaputten Lichtmaschine auch noch heil heimkommen ist. \nDas Hotel war Klasse und mit unserer \u201eMama\u201c Hotelbesitzerin letztlich \necht typisch italienisch. Essen und Getr\u00e4nke waren hervorragend. Es war \neine kulinarische Jakobsfahrt.<\/p>\n\n\n\n<p>An dieser Stelle, m\u00f6chte ich mich als Initiator bei allen Teilnehmern\n nochmals bedanken, dass wir alle so super in der Gruppe zusammen \ngeblieben sind und somit gemeinsam sehr viel Freude an der Tour gehabt \nhaben.<\/p>\n\n\n\n<p>Eure Brigitte<\/p>\n\n\n\n<p><strong>Herbsttour 2015 an den Gardasee<br><br> Wir treffen uns am Donnerstag, den 17. September in unserem Hotel Brenzone in Brenzone: <br><br> Hotel Brenzone e Villa del Lago<br> Via XX Settembre 26, I-37010 Brenzone sul Garda VR, Italien<br> Telefon: +39 045742 0388<br> <a href=\"http:\/\/www.hotelbrenzone.eu\" target=\"_blank\" rel=\"noreferrer noopener\">www.hotelbrenzone.eu<\/a><\/strong><\/p>\n\n\n\n<figure class=\"wp-block-image\"><img loading=\"lazy\" decoding=\"async\" width=\"883\" height=\"501\" src=\"https:\/\/www.oldtimerfreunde-freising.de\/offpress\/wp-content\/uploads\/2019\/11\/brenzone_01.jpg\" alt=\"\" class=\"wp-image-5773\" srcset=\"https:\/\/www.oldtimerfreunde-freising.de\/offpress\/wp-content\/uploads\/2019\/11\/brenzone_01.jpg 883w, https:\/\/www.oldtimerfreunde-freising.de\/offpress\/wp-content\/uploads\/2019\/11\/brenzone_01-300x170.jpg 300w, https:\/\/www.oldtimerfreunde-freising.de\/offpress\/wp-content\/uploads\/2019\/11\/brenzone_01-768x436.jpg 768w\" sizes=\"auto, (max-width: 883px) 100vw, 883px\" \/><\/figure>\n\n\n\n<figure class=\"wp-block-image\"><img loading=\"lazy\" decoding=\"async\" width=\"776\" height=\"468\" src=\"https:\/\/www.oldtimerfreunde-freising.de\/offpress\/wp-content\/uploads\/2019\/11\/brenzone_03.jpg\" alt=\"\" class=\"wp-image-5775\" srcset=\"https:\/\/www.oldtimerfreunde-freising.de\/offpress\/wp-content\/uploads\/2019\/11\/brenzone_03.jpg 776w, https:\/\/www.oldtimerfreunde-freising.de\/offpress\/wp-content\/uploads\/2019\/11\/brenzone_03-300x181.jpg 300w, https:\/\/www.oldtimerfreunde-freising.de\/offpress\/wp-content\/uploads\/2019\/11\/brenzone_03-768x463.jpg 768w\" sizes=\"auto, (max-width: 776px) 100vw, 776px\" \/><\/figure>\n\n\n\n<p>Bilder \u00a9 Hotel Brenzone <\/p>\n\n\n\n<p><strong>1. Tag<\/strong><\/p>\n\n\n\n<p>Mal Seen sehen \u2013 Lago di Valvestino &#8211; Lago di Idro &#8211; Lago di Ledro &#8211; Lago di Tenno<\/p>\n\n\n\n<p>Strecke:<br>Torri del Benao \u2013 Gargnano \u2013 Navazzo \u2013 Lago di Valvestino\n \u2013 Capovalle \u2013 Lago di Idro \u2013 Anfo \u2013 Ponte Caffaro \u2013 Storo \u2013 Bezecca \n\u2013Pieve di Ledro \u2013 Lago di Ledro &#8211; Molina del Ledro \u2013 Riva del Garda \u2013 \nTenno \u2013 Lagi di Tenno \u2013 Riva del Garda \u2013 Torbole \u2013 Malcesine \u2013 Brenzone<\/p>\n\n\n\n<p>Am Freitag nach dem Fr\u00fchst\u00fcck geht es zur F\u00e4hre nach Torri del \nBenaco. Im Ort rechts auf dem Parkplatz zur F\u00e4hre fahren. Um Wartezeiten\n zu vermeiden sollten wir alle auf dieselbe F\u00e4hre kommen und zwar mit \nder Abfahrtszeit um 9:05 Uhr oder 9:40 Uhr.<\/p>\n\n\n\n<p>Am anderen Ufer angekommen fahren wir Richtung Riva del Garda nach \nGargnano. Dort m\u00fcssen wir die Auffahrt zum Lago di Idro und Navazzo \nerwischen (Auffahrt links, 500 Meter vor Ortsende Gargnano, eine \nAuffahrt nach dem Kreisverkehr SP9 und SP58).<\/p>\n\n\n\n<p>Wir fahren dann zu unseren 1. Treffpunkt nach Navazzo<\/p>\n\n\n\n<p><strong>Campeggio Giglio &#8211; Via A. Feltrinelli 163 &#8211; Navazzo &#8211; 25080 Gargnano<\/strong><br><strong> Telefon: ++39 03657 1177<br> <a href=\"http:\/\/www.campeggiogiglio.com\" target=\"_blank\" rel=\"noreferrer noopener\">www.campeggiogiglio.com<\/a><\/strong><\/p>\n\n\n\n<p>Dort warten wir bei einer Kaffeepause auf alle Teilnehmer um \ngemeinsam weiter zu fahren. Sollte jemand die gemeinsame F\u00e4hre verpasst \nhaben oder die F\u00e4hre schon besetzt sein, bitte ich mich anzurufen \n0049\/1602849708.<\/p>\n\n\n\n<p>Nachdem wir uns alle wiedergefunden haben, geht es weiter \u00fcber den \nMonte Gargnano am einsamen Stausee Lago di Valvestino im Vesta-Tal \nvorbei Richtung Lidro. Achtung bei einer Abzweigung nach Capovalle nicht\n Richtung Lago de Idro, sondern nach Idro fahren.<\/p>\n\n\n\n<p>In Idro rechts abbiegen, Richtung Storo\/Trento die SS 237 folgend. In\n Storo weiter auf der SS240 \u00fcber Tiarno di Sopra und Bezzecca Richtung \nRiva del Garda zum Lago di Ledro.<\/p>\n\n\n\n<p>In Pieve di Ledro am Anfang vom See machen wir Mittag im<\/p>\n\n\n\n<p><strong>Ristorante Da Franco e Adriana, direkt am See<\/strong><br><strong> Via foletto 5, I-38067 Pieve di Ledro<\/strong><br><strong> Telefon: +39 0464 591127<\/strong><br> <a href=\"http:\/\/www.francoeadriana.it\" target=\"_blank\" rel=\"noreferrer noopener\"><strong>www.francoeadriana.it<\/strong><\/a><\/p>\n\n\n\n<figure class=\"wp-block-image\"><img loading=\"lazy\" decoding=\"async\" width=\"436\" height=\"343\" src=\"https:\/\/www.oldtimerfreunde-freising.de\/offpress\/wp-content\/uploads\/2019\/11\/image004.jpg\" alt=\"\" class=\"wp-image-5780\" srcset=\"https:\/\/www.oldtimerfreunde-freising.de\/offpress\/wp-content\/uploads\/2019\/11\/image004.jpg 436w, https:\/\/www.oldtimerfreunde-freising.de\/offpress\/wp-content\/uploads\/2019\/11\/image004-300x236.jpg 300w\" sizes=\"auto, (max-width: 436px) 100vw, 436px\" \/><figcaption> Campeggio Giglio<\/figcaption><\/figure>\n\n\n\n<figure class=\"wp-block-image\"><img loading=\"lazy\" decoding=\"async\" width=\"457\" height=\"343\" src=\"https:\/\/www.oldtimerfreunde-freising.de\/offpress\/wp-content\/uploads\/2019\/11\/image005.jpg\" alt=\"\" class=\"wp-image-5781\" srcset=\"https:\/\/www.oldtimerfreunde-freising.de\/offpress\/wp-content\/uploads\/2019\/11\/image005.jpg 457w, https:\/\/www.oldtimerfreunde-freising.de\/offpress\/wp-content\/uploads\/2019\/11\/image005-300x225.jpg 300w\" sizes=\"auto, (max-width: 457px) 100vw, 457px\" \/><figcaption> Ristorante Da Franco e Adriana<\/figcaption><\/figure>\n\n\n\n<p>Nach der St\u00e4rkung fahren wir eine kurze Strecke zur\u00fcck nach Bezzecca.\n Hier machen wir einen kleinen Abstecher rechts hoch ins Val di Concei. \nBereits nach ein paar Kehren hat man ein romantisches Hochtal erreicht. \nNach einer entspannten Fahrt erreicht man das Rifugio al Faggio. Wieder \nzur\u00fcck im Val di Ledro h\u00e4lt man sich Richtung Riva del Garda.<\/p>\n\n\n\n<p>Je nach Zeit und Lust gibt es noch ein Schmankerl an den Lago di Tenno, wo wir dann noch bei Kaffee und Kuchen im<\/p>\n\n\n\n<p><strong>Club Hotel Lago di Tenno 37<\/strong><br><strong> I-38060 Tenno &#8211; Italy (TN)<\/strong><br><strong> Tel. +39 0464 502031 &#8211; Fax +39 0464 502101<\/strong><br><strong> <a href=\"http:\/\/www.clubhoteltenno.com\" target=\"_blank\" rel=\"noreferrer noopener\">www.clubhoteltenno.com<\/a><\/strong><\/p>\n\n\n\n<figure class=\"wp-block-image\"><img loading=\"lazy\" decoding=\"async\" width=\"651\" height=\"332\" src=\"https:\/\/www.oldtimerfreunde-freising.de\/offpress\/wp-content\/uploads\/2019\/11\/image006.jpg\" alt=\"\" class=\"wp-image-5782\" srcset=\"https:\/\/www.oldtimerfreunde-freising.de\/offpress\/wp-content\/uploads\/2019\/11\/image006.jpg 651w, https:\/\/www.oldtimerfreunde-freising.de\/offpress\/wp-content\/uploads\/2019\/11\/image006-300x153.jpg 300w\" sizes=\"auto, (max-width: 651px) 100vw, 651px\" \/><figcaption> Lago di Tenno<\/figcaption><\/figure>\n\n\n\n<p>den traumhaften Ausblick auf das smaragdgr\u00fcnem Wasser genie\u00dfen \nk\u00f6nnen. Wer sich hier etwas die F\u00fc\u00dfe vertreten will, tut dies bei einem \nkurzen Spaziergang runter zum See.<\/p>\n\n\n\n<p>Im Anschluss geht es \u00fcber Riva del Garda wieder Richtung Brenzone zum\n Hotel, wo wir mit einem Begr\u00fc\u00dfungstrunk am See empfangen werden.<\/p>\n\n\n\n<p>F\u00fcr das Abendessen alla Carte ist ein Tisch f\u00fcr uns reserviert, wobei\n das Essen die Getr\u00e4nke auf eigene Rechnung geht. Empfehlenswert ist \nhier Fisch aus dem See.<\/p>\n\n\n\n<p><strong>2. Tag<\/strong><\/p>\n\n\n\n<p>Ins Elbenland \u00fcber die Monto Baldo H\u00f6henstra\u00dfe<\/p>\n\n\n\n<p>Strecke:<br> Torri del Benao \u2013 San Zeno \u2013 Albisano &#8211; Caprino Veronese\n \u2013 Spiazzi &#8211; San Valentino \u2013 San Giacomo \u2013 Brentonico \u2013 Mori \u2013 Loppia \u2013 \nTorbole &#8211; Brenzone<\/p>\n\n\n\n<p>Um 9.oo Uhr starten wir wieder Richtung Torri del Benaco. Achtung am \nOrtsende geht es scharf links hinauf Richtung San Zeno. In Caprino \nVeronese besuchen wir den allw\u00f6chentlich stattfindende Markt am Samstag \nein wahrer Treffpunkt f\u00fcr G\u00e4ste und Einheimische. Hier k\u00f6nnen Sie \ntypische Delikatessen wie Wein, Oliven und Fisch ergattern oder beim \nBummeln einfach nur das lebhafte Treiben des Marktes beobachten.<\/p>\n\n\n\n<ul class=\"wp-block-gallery columns-3 is-cropped wp-block-gallery-1 is-layout-flex wp-block-gallery-is-layout-flex\"><li class=\"blocks-gallery-item\"><figure><img loading=\"lazy\" decoding=\"async\" width=\"239\" height=\"160\" src=\"https:\/\/www.oldtimerfreunde-freising.de\/offpress\/wp-content\/uploads\/2019\/11\/image008.jpg\" alt=\"\" data-id=\"5783\" data-link=\"https:\/\/www.oldtimerfreunde-freising.de\/offpress\/image008\/\" class=\"wp-image-5783\"\/><figcaption>Wochenmarkt<\/figcaption><\/figure><\/li><li class=\"blocks-gallery-item\"><figure><img loading=\"lazy\" decoding=\"async\" width=\"160\" height=\"160\" src=\"https:\/\/www.oldtimerfreunde-freising.de\/offpress\/wp-content\/uploads\/2019\/11\/image009.jpg\" alt=\"\" data-id=\"5784\" data-link=\"https:\/\/www.oldtimerfreunde-freising.de\/offpress\/image009\/\" class=\"wp-image-5784\" srcset=\"https:\/\/www.oldtimerfreunde-freising.de\/offpress\/wp-content\/uploads\/2019\/11\/image009.jpg 160w, https:\/\/www.oldtimerfreunde-freising.de\/offpress\/wp-content\/uploads\/2019\/11\/image009-150x150.jpg 150w\" sizes=\"auto, (max-width: 160px) 100vw, 160px\" \/><figcaption> Cafe <\/figcaption><\/figure><\/li><li class=\"blocks-gallery-item\"><figure><img loading=\"lazy\" decoding=\"async\" width=\"284\" height=\"160\" src=\"https:\/\/www.oldtimerfreunde-freising.de\/offpress\/wp-content\/uploads\/2019\/11\/image011.jpg\" alt=\"\" data-id=\"5786\" data-link=\"https:\/\/www.oldtimerfreunde-freising.de\/offpress\/image011\/\" class=\"wp-image-5786\"\/><figcaption> Bar Albergo-Trattoria &#8222;Speranza&#8220;<\/figcaption><\/figure><\/li><li class=\"blocks-gallery-item\"><figure><img loading=\"lazy\" decoding=\"async\" width=\"214\" height=\"160\" src=\"https:\/\/www.oldtimerfreunde-freising.de\/offpress\/wp-content\/uploads\/2019\/11\/image012.jpg\" alt=\"\" data-id=\"5787\" data-link=\"https:\/\/www.oldtimerfreunde-freising.de\/offpress\/image012\/\" class=\"wp-image-5787\"\/><figcaption> Local Maso Palu<\/figcaption><\/figure><\/li><\/ul>\n\n\n\n<p>Wir treffen uns anschlie\u00dfend wieder in der Bar Edelweiss am Platze, wo es auch Andechser Bier gibt.<\/p>\n\n\n\n<p><strong>Bar Edelweiss<\/strong><br><strong> P.zza A. Stringa, 11 &#8211; Caprino Veronese<\/strong><br><strong> Telefon: +39 348 243 6752<\/strong><\/p>\n\n\n\n<p>Wieder unterwegs fahren wir nach Spiazzi zur Wallfahrtskirche Madonna\n della Corona. Der Parkplatz ist am Ortseingang. Von dort aus f\u00fchrt ein \nKreuzweg, \u00fcber den schon Papst Johannes Paul II pilgerte \u00fcber 15 \nStationen zur Kirche. Nach circa 30 Minuten erreicht man die \nFelsenkirche auf 775 Metern H\u00f6he. Der Anblick ist atemberaubend. Die \nWallfahrtskirche ist wie ein Schwalbennest in den Fels hineingebaut.<\/p>\n\n\n\n<figure class=\"wp-block-image\"><img loading=\"lazy\" decoding=\"async\" width=\"920\" height=\"252\" src=\"https:\/\/www.oldtimerfreunde-freising.de\/offpress\/wp-content\/uploads\/2019\/11\/image010.jpg\" alt=\"\" class=\"wp-image-5785\" srcset=\"https:\/\/www.oldtimerfreunde-freising.de\/offpress\/wp-content\/uploads\/2019\/11\/image010.jpg 920w, https:\/\/www.oldtimerfreunde-freising.de\/offpress\/wp-content\/uploads\/2019\/11\/image010-300x82.jpg 300w, https:\/\/www.oldtimerfreunde-freising.de\/offpress\/wp-content\/uploads\/2019\/11\/image010-768x210.jpg 768w\" sizes=\"auto, (max-width: 920px) 100vw, 920px\" \/><figcaption> Wallfahrtskirche Madonna della Corona<\/figcaption><\/figure>\n\n\n\n<p>Im Anschluss treffen wir uns in der<\/p>\n\n\n\n<p><strong>Bar Albergo-Trattoria &#8222;Speranza&#8220;<\/strong><br><strong> Via Centro &#8211; I-37010 Spiazzi di Monte Baldo<\/strong><br><strong> Telefon: +39 045 7220087<\/strong><br><strong> <a href=\"http:\/\/www.albergo-speranza.it\" target=\"_blank\" rel=\"noreferrer noopener\">www.albergo-speranza.it<\/a><\/strong><\/p>\n\n\n\n<p>Gemeinsam starten wir wieder Richtung Ferrara d. M. Baldo auf der SP 3\n \u00fcber San Valenino durch Besagno und Brentonico. Nach Brentonico kommt \nlinks ein gro\u00dfer Parkplatz. Dort befindet sich das<\/p>\n\n\n\n<p><strong>Local Maso Palu<\/strong><br><strong> Via Graziani, 56 &#8211; I-38060 Brentonico<\/strong><br><strong> Telefon: +39 0464 395014<\/strong><\/p>\n\n\n\n<p>Hier werden wir uns st\u00e4rken f\u00fcr die Heimfahrt. Wieder am Lenkrad \nfahren wir Richtung Loppio auf der SS240 nach Torbole der SS249 folgend \nnach Brenzone. Abendessen ist entweder wieder im Hotel oder in einem \nLokal in der N\u00e4he.<\/p>\n\n\n\n<p><strong>3. Tag<\/strong><\/p>\n\n\n\n<p>Heimreise<\/p>\n\n\n\n<p>Ohne weitere Oldtimer geht es nicht. Am Sonntag besuchen wir auf dem Heimweg noch das Museum<\/p>\n\n\n\n<p><strong>Garage61 GmbH<\/strong><br><strong> Handwerkerstrasse 13 &#8211; I-39057 Eppan (BZ)<\/strong><br><strong> Tellefon: +39 0471 661145<\/strong><br><strong> <a href=\"http:\/\/www.garage61.it\" target=\"_blank\" rel=\"noreferrer noopener\">www.garage61.it<\/a><\/strong><\/p>\n\n\n\n<p>Anschliessend geht es in Eppan noch zu einem gemeinsamen Mittagessen bevor jeder individuell eine Heimreise antritt:<\/p>\n\n\n\n<p><strong>Gasthof Lipp<\/strong><br><strong> Perdonig 30 &#8211; I-39057 Eppan an der Weinstra\u00dfe, Bozen<\/strong><br><strong> Telefon: +39 0471 662517<\/strong><br><strong> <a href=\"http:\/\/www.lipp.it\" target=\"_blank\" rel=\"noreferrer noopener\">www.lipp.it<\/a><\/strong><\/p>\n\n\n\n<figure class=\"wp-block-image\"><img loading=\"lazy\" decoding=\"async\" width=\"524\" height=\"171\" src=\"https:\/\/www.oldtimerfreunde-freising.de\/offpress\/wp-content\/uploads\/2019\/11\/image016.jpg\" alt=\"\" class=\"wp-image-5789\" srcset=\"https:\/\/www.oldtimerfreunde-freising.de\/offpress\/wp-content\/uploads\/2019\/11\/image016.jpg 524w, https:\/\/www.oldtimerfreunde-freising.de\/offpress\/wp-content\/uploads\/2019\/11\/image016-300x98.jpg 300w\" sizes=\"auto, (max-width: 524px) 100vw, 524px\" \/><figcaption> Bild \u00a9 Garage61<\/figcaption><\/figure>\n\n\n\n<figure class=\"wp-block-image\"><img loading=\"lazy\" decoding=\"async\" width=\"250\" height=\"171\" src=\"https:\/\/www.oldtimerfreunde-freising.de\/offpress\/wp-content\/uploads\/2019\/11\/image015.jpg\" alt=\"\" class=\"wp-image-5788\"\/><figcaption> Gasthof Lipp<\/figcaption><\/figure>\n\n\n\n<p>Diesen Tag hat f\u00fcr uns unser Clubmitglied Rupert Feller organisiert.<\/p>\n\n\n\n<p><strong>Impressionen der OFF-Herbsttour 2015 finder ihr <strong><a href=\"https:\/\/www.oldtimerfreunde-freising.de\/offpress\/bilder-videos\/bilder-touren\/impressionen-der-herbsttour-2015\/\">hier<\/a><\/strong>!<\/strong><\/p>\n\n\n\n<p><strong>Die Route der OFF-Herbsttour 2015 finder ihr <a href=\"http:\/\/touren.kiwikars.de\/?page_id=850\" target=\"_blank\" rel=\"noreferrer noopener\"><strong>hier<\/strong><\/a><\/strong><\/p>\n","protected":false},"excerpt":{"rendered":"<p>Am Donnerstag, den 17.09.2015 gings los. Einige trafen sich beim Gerhard um \u00fcber das Timmelsjoch an den Gardasee zu fahren. Nach dem hier das Wetter nicht so mitspielte, war es [&hellip;]<\/p>\n","protected":false},"author":1,"featured_media":0,"parent":204,"menu_order":0,"comment_status":"closed","ping_status":"closed","template":"","meta":{"_EventAllDay":false,"_EventTimezone":"","_EventStartDate":"","_EventEndDate":"","_EventStartDateUTC":"","_EventEndDateUTC":"","_EventShowMap":false,"_EventShowMapLink":false,"_EventURL":"","_EventCost":"","_EventCostDescription":"","_EventCurrencySymbol":"","_EventCurrencyCode":"","_EventCurrencyPosition":"","_EventDateTimeSeparator":"","_EventTimeRangeSeparator":"","_EventOrganizerID":[],"_EventVenueID":[],"_OrganizerEmail":"","_OrganizerPhone":"","_OrganizerWebsite":"","_VenueAddress":"","_VenueCity":"","_VenueCountry":"","_VenueProvince":"","_VenueState":"","_VenueZip":"","_VenuePhone":"","_VenueURL":"","_VenueStateProvince":"","_VenueLat":"","_VenueLng":"","_VenueShowMap":false,"_VenueShowMapLink":false,"_mc_calendar":[],"footnotes":""},"class_list":["post-859","page","type-page","status-publish","hentry","entry"],"_links":{"self":[{"href":"https:\/\/www.oldtimerfreunde-freising.de\/offpress\/wp-json\/wp\/v2\/pages\/859","targetHints":{"allow":["GET"]}}],"collection":[{"href":"https:\/\/www.oldtimerfreunde-freising.de\/offpress\/wp-json\/wp\/v2\/pages"}],"about":[{"href":"https:\/\/www.oldtimerfreunde-freising.de\/offpress\/wp-json\/wp\/v2\/types\/page"}],"author":[{"embeddable":true,"href":"https:\/\/www.oldtimerfreunde-freising.de\/offpress\/wp-json\/wp\/v2\/users\/1"}],"replies":[{"embeddable":true,"href":"https:\/\/www.oldtimerfreunde-freising.de\/offpress\/wp-json\/wp\/v2\/comments?post=859"}],"version-history":[{"count":2,"href":"https:\/\/www.oldtimerfreunde-freising.de\/offpress\/wp-json\/wp\/v2\/pages\/859\/revisions"}],"predecessor-version":[{"id":5791,"href":"https:\/\/www.oldtimerfreunde-freising.de\/offpress\/wp-json\/wp\/v2\/pages\/859\/revisions\/5791"}],"up":[{"embeddable":true,"href":"https:\/\/www.oldtimerfreunde-freising.de\/offpress\/wp-json\/wp\/v2\/pages\/204"}],"wp:attachment":[{"href":"https:\/\/www.oldtimerfreunde-freising.de\/offpress\/wp-json\/wp\/v2\/media?parent=859"}],"curies":[{"name":"wp","href":"https:\/\/api.w.org\/{rel}","templated":true}]}}